3
List the prime factors of 3567873373.
3567873373
List the prime factors of 269925450.
2, 3, 5, 1799503
List the prime factors of 7170044522.
2, 89, 491, 82039
What are the prime factors of 2515072445?
5, 199, 293, 8627
What are the prime factors of 102833254?
2, 191, 241, 1117
List the prime factors of 4261383085.
5, 852276617
List the prime factors of 115148608.
2, 211, 8527
List the prime factors of 71212193.
13, 61, 89, 1009
What are the prime factors of 330467516?
2, 82616879
What are the prime factors of 505602615?
3, 5, 7, 907, 5309
List the prime factors of 151100618.
2, 419, 180311
What are the prime factors of 89341509?
3, 29780503
List the prime factors of 18238873.
719, 25367
What are the prime factors of 4734744109?
37, 127966057
What are the prime factors of 30495717?
3, 7, 317, 509
List the prime factors of 4773059.
4773059
List the prime factors of 46929563.
19, 1409, 1753
List the prime factors of 396971529.
3, 59, 2242777
List the prime factors of 427411912.
2, 53426489
List the prime factors of 1439644807.
1439644807
List the prime factors of 278282131.
337, 825763
What are the prime factors of 374204431?
349, 1072219
What are the prime factors of 1640008734?
2, 3, 7, 13, 17, 43, 587
List the prime factors of 253759862.
2, 31, 47, 87083
What are the prime factors of 59742154?
2, 607, 49211
What are the prime factors of 965671064?
2, 853, 141511
What are the prime factors of 2227928014?
2, 13, 701, 9403
List the prime factors of 1899687278.
2, 949843639
What are the prime factors of 7423052868?
2, 3, 7, 11, 233, 1277
List the prime factors of 111385233.
3, 41, 239, 421
List the prime factors of 10929981.
3, 379, 9613
What are the prime factors of 30246907?
30246907
List the prime factors of 887014463.
97, 877, 10427
List the prime factors of 82494508.
2, 59, 349553
List the prime factors of 6278384641.
59, 271, 392669
List the prime factors of 2574410814.
2, 3, 19, 67, 283, 397
List the prime factors of 690492670.
2, 5, 7, 2389, 4129
List the prime factors of 457112734.
2, 13, 167, 105277
List the prime factors of 1020251030.
2, 5, 29, 79, 44533
What are the prime factors of 476991462?
2, 3, 79498577
What are the prime factors of 121079457?
3, 17, 19, 41651
List the prime factors of 48752829.
3, 131, 41351
What are the prime factors of 42458066?
2, 7, 911, 3329
What are the prime factors of 3256571492?
2, 1933, 421181
What are the prime factors of 41966003?
19, 2208737
List the prime factors of 36653631.
3, 7, 41, 42571
What are the prime factors of 82089983?
7477, 10979
List the prime factors of 27422647.
7, 23, 170327
List the prime factors of 5281754828.
2, 7, 31, 2029, 2999
List the prime factors of 12812542.
2, 283, 22637
List the prime factors of 70194745.
5, 89, 233, 677
What are the prime factors of 13684481?
167, 81943
What are the prime factors of 56261388?
2, 3, 4688449
List the prime factors of 1694814964.
2, 239, 1772819
List the prime factors of 76287391.
76287391
List the prime factors of 7537076.
2, 71, 26539
What are the prime factors of 102688808?
2, 73, 175837
What are the prime factors of 78574720?
2, 5, 7, 17539
List the prime factors of 119181702.
2, 3, 19863617
What are the prime factors of 2175663502?
2, 17, 63990103
What are the prime factors of 142728562?
2, 4159, 17159
What are the prime factors of 18449616?
2, 3, 384367
What are the prime factors of 748377825?
3, 5, 13, 17, 163, 277
List the prime factors of 621380362.
2, 17, 149, 173, 709
List the prime factors of 340179210.
2, 3, 5, 7, 179989
List the prime factors of 223108835.
5, 44621767
List the prime factors of 150169289.
97, 1548137
What are the prime factors of 50424883?
2243, 22481
List the prime factors of 332439679.
11, 13, 71, 137, 239
What are the prime factors of 46401240?
2, 3, 5, 386677
What are the prime factors of 925446543?
3, 7, 44068883
What are the prime factors of 2651678060?
2, 5, 132583903
List the prime factors of 481489564.
2, 19, 1033, 6133
List the prime factors of 12624724.
2, 7, 450883
What are the prime factors of 36326178?
2, 3, 7, 17, 5653
What are the prime factors of 3140800700?
2, 5, 19, 157, 10529
List the prime factors of 4009781293.
7, 151, 3793549
What are the prime factors of 46417332?
2, 3, 13, 67, 4441
What are the prime factors of 49001217?
3, 16333739
List the prime factors of 670378517.
127, 5278571
What are the prime factors of 1217491735?
5, 349, 697703
List the prime factors of 102985573.
102985573
What are the prime factors of 3140400295?
5, 43, 14606513
What are the prime factors of 111163298?
2, 113, 491873
What are the prime factors of 49715587?
49715587
List the prime factors of 72018380.
2, 5, 7, 514417
What are the prime factors of 138383837?
73, 101, 137
What are the prime factors of 59777902?
2, 1279, 23369
List the prime factors of 340848873.
3, 1571, 24107
List the prime factors of 26949044.
2, 31, 71, 3061
List the prime factors of 534657866.
2, 267328933
List the prime factors of 35383043.
35383043
List the prime factors of 15093949.
13, 29, 40037
List the prime factors of 759895211.
759895211
What are the prime factors of 1506582823?
17, 23, 53, 72701
List the prime factors of 2598180.
2, 3, 5, 13, 3331
List the prime factors of 2029696.
2, 101, 157
List the prime factors of 4671851089.
47, 99401087
List the prime factors of 121495738.
2, 7, 13, 667559
What are the prime factors of 1051521738?
2, 3, 599, 292577
What are the prime factors of 43850702?
2, 7, 151, 20743
List the prime factors of 287493099.
3, 3041, 31513
List the prime factors of 433032348.
2, 3, 7, 89, 57923
List the prime factors of 1846567569.
3, 7, 11, 823, 883
What are the prime factors of 3277360675?
5, 131094427
List the prime factors of 1058449184.
2, 13, 2544349
List the prime factors of 31849063.
1543, 20641
List the prime factors of 96728282.
2, 7, 29, 238247
What are the prime factors of 1517937144?
2, 3, 1291, 48991
What are the prime factors of 145142561?
145142561
What are the prime factors of 337432066?
2, 2269, 74357
List the prime factors of 47753394.
2, 3, 13, 612223
What are the prime factors of 23811784?
2, 29, 197, 521
What are the prime factors of 82609827?
3, 27536609
List the prime factors of 1551987345.
3, 5, 29, 1229, 2903
List the prime factors of 1332564602.
2, 666282301
What are the prime factors of 40371926?
2, 7, 43, 199, 337
What are the prime factors of 1673411107?
8123, 206009
List the prime factors of 1324349169.
3, 11, 13, 3087061
List the prime factors of 247701896.
2, 13, 2381749
List the prime factors of 271794243.
3, 7, 23, 562721
What are the prime factors of 164511960?
2, 3, 5, 1370933
What are the prime factors of 2684767138?
2, 23, 37, 433, 3643
List the prime factors of 145509931.
7, 20787133
What are the prime factors of 85661139?
3, 19, 1502827
List the prime factors of 105768627.
3, 409, 86201
List the prime factors of 714308802.
2, 3, 29, 293, 14011
List the prime factors of 20484517.
101, 202817
What are the prime factors of 26699507?
26699507
What are the prime factors of 72240204?
2, 3, 19, 67, 4729
List the prime factors of 42235599.
3, 7, 17, 16901
List the prime factors of 72673739.
29, 2505991
What are the prime factors of 354315562?
2, 29, 6108889
What are the prime factors of 544095471?
3, 37, 257, 19073
What are the prime factors of 196751570?
2, 5, 37, 643, 827
List the prime factors of 138741636.
2, 3, 11, 191, 5503
What are the prime factors of 97768988?
2, 71, 344257
List the prime factors of 64624824.
2, 3, 11, 59, 461
What are the prime factors of 1286929789?
1286929789
List the prime factors of 3428416044.
2, 3, 17, 207481
What are the prime factors of 28855974?
2, 3, 7, 107, 6421
List the prime factors of 1682669516.
2, 11, 149, 256661
What are the prime factors of 2879846100?
2, 3, 5, 23, 139123
List the prime factors of 109251223.
31, 3524233
What are the prime factors of 56573095?
5, 277, 40847
List the prime factors of 217608307.
7, 31086901
What are the prime factors of 948545457?
3, 316181819
What are the prime factors of 57219002?
2, 907, 31543
List the prime factors of 250145699.
250145699
List the prime factors of 52709748.
2, 3, 7, 13, 47, 79
What are the prime factors of 3737725956?
2, 3, 61, 1702061
What are the prime factors of 4571417